is x(11)?
23
Let b(g) be the third derivative of g**4/24 + g**3/2 - g**2. Suppose 0 = -11*r + 6*r. Suppose 4*w = -20, s = -w - r - 2. What is b(s)?
6
Let p(i) = -17*i - 16. Let w(m) = m**2 - 14*m - 16. Let s(a) = 3*p(a) - 2*w(a). Determine s(-11).
-5
Let d(z) be the first derivative of z**4/4 - 3*z**3 + 9*z**2/2 - 14*z + 591. Determine d(8).
-6
Let z(v) be the third derivative of -v**4/8 + 9*v**3 + 198*v**2. Give z(15).
9
Suppose 0 = 16*o - 44*o + 140. Let h(u) = u**3 - 5*u**2 + 2. What is h(o)?
2
Let d(o) = 3*o + 6. Let s(r) = -13*r - 26. Let l(b) = -9*d(b) - 2*s(b). Determine l(-12).
10
Let i(h) = -9 + 386*h - 390*h + 2 - 4. Determine i(-5).
9
Let y(b) = 6*b - 5*b - 3*b - 9. Let n(u) = u**2 - 5*u - 6. Let m be n(5). Calculate y(m).
3
Let p(m) = -4*m**2 - 7*m - 6. Let f(i) = 23*i**2 + 41*i + 35. Let o(k) = 6*f(k) + 34*p(k). Let b(q) = q**3 - 3*q**2 - 5*q - 1. Let a be b(4). Calculate o(a).
16
Let x(d) = -d**3 - 12*d**2 + 29*d + 18. Let b be x(-14). Let c(p) = -26 + b*p + 7*p - p**3 + 10*p**2 + 27. Give c(11).
1
Let d(z) = 3*z**3 + z**2. Let a be d(-1). Let i = -12 - -15. Let m(g) = -g - 3*g**2 + 2 - i*g + 7*g - 2*g. Give m(a).
-12
Suppose 99 = w + 97. Let f(d) = -d**3 - d**2 + 3*d - 2. Calculate f(w).
-8
Let t(i) = -6*i**2 - 2*i - 9. Let b(x) be the second derivative of -5*x**4/12 - x**3/6 - 4*x**2 - 6*x. Let z(g) = 5*b(g) - 4*t(g). Determine z(4).
-8
Let z(u) = -4 + 3*u + 3*u - 2*u - 3*u. Let p be (-2)/7 - 90/(-21). Determine z(p).
0
Let s be 2/7 - (-60)/(-14). Let a = 7 + s. Let b(t) = 6*t - 2 - 2*t**3 + 0*t**a - 4 + t**3 + 4*t**2. Give b(5).
-1
Let d(n) = -5*n - 3. Let p(b) = b**3 - b**2 - b + 8. Let t be p(0). Suppose k + 3*q - 4 = 0, 0 = 4*k - 2*q + 4 + t. Calculate d(k).
7
Let o(g) = -g**2 - 9*g + 9. Let z(m) = m**2 + 29*m - 38. Let a be z(-30). Give o(a).
17
Let c(u) = u**2 + 19*u + 4. Let w be c(-22). Let f = -64 + w. Let p(o) = 3*o**2 - 4*o - 8. Let s(h) = -h**2 + h + 3. Let d(m) = -6*p(m) - 17*s(m). Give d(f).
3
Let i(o) = 17*o**2 - 15*o - 19. Let h(s) = -5*s**2 + 5*s + 6. Let y(f) = -7*h(f) - 2*i(f). Determine y(8).
20
Let t(y) be the first derivative of y**3/3 - 6*y**2 + 11*y + 533. Calculate t(9).
-16
Let r(j) = -j**3 + 5*j**2 + 7*j - 6. Let l = 33 + -23. Suppose 14 = 4*c - l. Determine r(c).
0
Let s(i) = i**2 - 9*i - 13. Let n(r) = -36*r + 191. Let f be n(5). Calculate s(f).
9
Let z(n) = -n**3 + 15*n - 3*n - 12*n**2 + 24164 - 24173. What is z(-13)?
4
Suppose -4*d + 0*h + 3*h = -17, 0 = d - 4*h - 14. Let o(c) = 2 - c**2 - 5*c + 2*c**2 - d*c. Suppose -5*j + 6*j - 5 = 0. What is o(j)?
-8
Suppose 11*g = -514 + 481. Let b(y) = 9*y**3 + 15*y**2 + 11*y + 8. Let f(z) = -5*z**3 - 8*z**2 - 6*z - 4. Let i(c) = -3*b(c) - 5*f(c). Calculate i(g).
14
Let s(n) = -4*n**2 + 10*n + 7. Let y(g) = g**2 - 3*g - 2. Let b(z) = -2*s(z) - 9*y(z). Determine b(9).
-14
Let p(h) = -h**3 - 6*h**2 + 6*h. Let q be 28/24*6*(2 - 3). Give p(q).
7
Let n be (-8)/(80/(-30)) + (0 - 5). Let d(x) = -4*x**3 + x**2. What is d(n)?
36
Suppose -34 + 1 = -11*u. Let c(r) = 110 - r**3 - 5*r**u - 111 - r. Give c(-1).
6
Let m(z) = -2*z - 8. Let b be m(-5). Let k(q) be the first derivative of q**4/4 - q**3 + q**2/2 + 2. Calculate k(b).
-2
Let f(k) = 8*k + 2. Let p(w) = 9*w + 3. Let o(g) = -5*f(g) + 4*p(g). Suppose 2*q + 2*q = 4. Let a(d) = 3*d - 1. Let x be a(q). Give o(x).
-6
Let q be 1/(0 - (-1 - -2))*116. Let y be 38/285 + (q/(-30) - -1). Let a(v) be the first derivative of -v**2 + 5*v - 1. What is a(y)?
-5
Suppose 0*v = 3*t + v - 20, 0 = 3*t - 5*v - 8. Let w(z) = 5 + 2*z**2 - z**2 + 5*z - 2 - t. What is w(-6)?
3
Let o(c) = 0*c**2 + 3*c**2 - 17 + 47*c - 93*c + 47*c - 2*c**2. What is o(-4)?
-5
Let h(w) = 5*w - w - 4747 + 4749. Give h(1).
6
Let i(z) = -5*z + 6. Let g(y) = -y + 1. Let d(s) = 4*g(s) - i(s). Let l be d(7). Let t(c) = -c**3 - 4*c**2 + c**3 + 3*c**3 - 2*c**3 - l. What is t(4)?
-5
Let h be (-18)/(-8) + 1/(-4). Let o(t) = 11 - 9 - 11*t**3 - 21*t**3 + 42*t**3 - 2*t - 8*t**3. What is o(h)?
14
Let u(o) = -21375 - 84*o**2 + 30*o**2 + 21382 - 9*o + 30*o**2 + 25*o**2. Suppose 4*k - 22 = 10. Calculate u(k).
-1
Let b(r) = -2*r**3 + 4*r**2 - 8*r. Let p(s) = s**3 - s**2 + 3*s. Let a(t) = 3*b(t) + 8*p(t). Give a(-3).
-18
Let p(i) = -5*i + 7. Let a(w) = 9*w - 13. Let u(c) = 6*a(c) + 11*p(c). Suppose -j - 5*r = 9, -j = 2*j + 3*r + 3. Give u(j).
-2
Let h(u) = -3*u**2 + 4*u - 79. Let c(b) = -3*b**2 + 4*b - 68. Let t(j) = 6*c(j) - 5*h(j). Determine t(4).
-45
Let u(t) = 17*t**2 + 7*t - 40*t**2 + 24*t**2 - 3. Suppose -2*p - 4*m + 34 = 0, 3*m + 2 - 52 = -5*p. Suppose 2*h + 7 = -p. Give u(h).
-3
Let f(l) = 146269*l**2 - 2 - 146268*l**2 + 7. Let o = -2 + 2. Give f(o).
5
Let m(w) = w**2 - 8*w + 6. Suppose 0 = l - 58 + 23. Suppose 5*u = q - 4*q - 60, -3*u - l = 2*q. Let z = -9 - u. Give m(z).
-6
Let a(t) = -2*t + 1. Suppose 35 = 5*b - 5*u + 5, -b + 10 = 3*u. Suppose -36 = -n + b*n. Calculate a(n).
13
Suppose -4*y + 3*w + 19 = -0, 3*w = 9. Let g(i) = -2*i + 4. What is g(y)?
-10
Let z(g) be the second derivative of 4*g - 1/3*g**3 + 1/20*g**5 + 0 + 5/12*g**4 - 3*g**2. Calculate z(-5).
4
Let c(a) = -a**2 - a - 1. Let d(k) = -k**3 + 10*k**2 - k + 12. Let t be d(10). Determine c(t).
-7
Let o(w) = -7 + w**3 - 5*w**2 - 5*w + 2 + 0*w. Suppose -7 = -c - s, -10 = -c - 0*c - 4*s. Determine o(c).
1
Let n be 48/28 - (-4)/14. Let x(y) = 6 - 20 + 14 - 6*y - y**n. Calculate x(-5).
5
Let q be (4611 - 0)*1*(-4)/(-12). Let b(u) = q - 1537 - 5*u. Calculate b(3).
-15
Let a be 15/(2/(-3 + 5)). Let w = a - 19. Let h(l) = 4*l**2 + 0*l**2 - 2 + l**3 - 1. What is h(w)?
-3
Let d(i) = -8*i - 8. Let v(y) = -15*y - 15. Let c(u) = -11*d(u) + 6*v(u). Let a = -6 + 8. Give c(a).
-6
Let x(v) be the third derivative of -1/8*v**4 + 0 + 10*v**2 - 4/3*v**3 + 0*v. Give x(-6).
10
Let t = 10 + -5. Suppose 4*l = 5*u - 49, 5*l = u - 30 - t. Let j(f) be the third derivative of -f**5/60 - 5*f**4/24 + 5*f**3/6 - 77*f**2 + 13. Calculate j(l).
-1
Let r(z) = 20*z**2 + 19*z - 33. Let w(n) = 7*n**2 + 7*n - 12. Let p(y) = -4*r(y) + 11*w(y). What is p(2)?
-10
Let p(a) = -3*a + 6*a**2 + 15 + 14 + a**3 - 44 + 19 - 4*a**2. What is p(-3)?
4
Suppose -118 = -29*w + 85. Let b(x) = 0*x - x + 4 + 0*x + 0*x. Determine b(w).
-3
Let c = 7 + -3. Let u be (0/8)/(c/2). Let a(i) = 2*i + u*i**2 + 5*i - 1 - 4*i + i**3 - 4*i**2. Determine a(3).
-1
Let k(f) = -f. Let i(a) = a**2 + 10*a. Let j(q) = i(q) + 2*k(q). Let t be j(-9). Let u = t - 10. Let z(r) = 3*r**3 + 1. Give z(u).
-2
Let u be 12/(-8)*16/(-6). Let x(i) = -6 - i - 4 + i**2 + u + 3. Suppose p - 2 = -3*t, 0 = -4*p + 1 + 7. Determine x(t).
-3
Let r(q) = -q**3 + 6*q**2 + 7*q + 10. Let z be r(7). Let m be 28/z - (-2)/10. Let w(s) = 0*s**2 + 0 + m + s**2 + 3*s**3 - 2*s**3. What is w(0)?
3
Let u be (-260)/28 + 15/(-21). Let f(h) = -h**2 - 6*h + 22. Determine f(u).
-18
Let g be (-27)/6 + 2/4. Let h be (2/3)/(g/(-24)). Let u(x) = -x - x**3 + 4 + h*x + 0*x - 3*x**2. Calculate u(-4).
8
Let u(k) = -2*k**2 - 9*k. Let p = 12 + -5. Let x(n) = 5*n**2 + 19*n + 1. Let d(g) = p*u(g) + 3*x(g). What is d(6)?
3
Let p(b) be the third derivative of b**5/60 + 13*b**4/12 - 31*b**3/3 - b**2 - 369*b. Calculate p(-28).
-6
Let a(i) = -5*i + 5. Let s(x) = -11*x + 11. Let u(m) = -m**2 + 11*m - 11. Let f be u(8). Let l(h) = f*a(h) - 6*s(h). Suppose -4*y - 9 = -y. Calculate l(y).
-4
Let k(f) = f**2 - 3*f - 4. Let r = 224 - 227. Calculate k(r).
14
Let j(g) = g**3 - g**2 + g. Let i(a) = 7*a**3 + 3*a**2 - 5*a - 3. Let c(f) = i(f) - 6*j(f). Give c(-10).
7
Let p = -4 - -25. Let q = 22 - p. Let o(b) = -6*b**3. Give o(q).
-6
Let d(z) be the third derivative of 5*z**4/24 + 7*z**3/6 - 2*z**2 + 110. Give d(8).
47
Let u(z) = 43*z + 14. Let j(y) = 44*y + 19. Let x(p) = -3*j(p) + 4*u(p). Calculate x(1).
39
Let a(i) be the third derivative of -i**7/1680 + i**6/720 - i**5/12 + 4*i**2. Let o(x) be the third derivative of a(x). Give o(1).
-2
Let r(k) be the third derivative of -k**6/120 + k**5/12 + k**4/12 + k**3/2 - 271*k**2. Calculate r(6).
-21
Let o(y) = y**2 + 3*y + 4. Let z(l) = -l**3 - 8*l**2 - 8*l + 3. Let j be z(-7). Let u be j/(-60) - 34/12. Give o(u).
4
Let y(j) = 48*j**3 + 1. Let i be (4/(-10))/((-6)/(-15)). What is y(i)?
-47
Let p(c) = -5*c - 2. Suppose 0 = -5*n + 3*b - 2, 5*n + 15 - 8 = -2*b. Determine p(n).
3
Let x = 13 - 18. Let r(p) b